{"id":215,"date":"2025-02-12T13:10:00","date_gmt":"2025-02-12T12:10:00","guid":{"rendered":"https:\/\/ecobloom.es\/?post_type=product&#038;p=215"},"modified":"2025-05-08T13:54:37","modified_gmt":"2025-05-08T11:54:37","slug":"limpia-salpicaderos","status":"publish","type":"product","link":"https:\/\/ecobloom.es\/?product=limpia-salpicaderos","title":{"rendered":"Limpia salpicaderos (con silicona) 1L"},"content":{"rendered":"","protected":false},"excerpt":{"rendered":"<p><span class=\"fontstyle0\">Limpieza y abrillantado vinilo. Para salpicaderos y neum\u00e1ticos.<\/span><\/p>\n","protected":false},"featured_media":158,"comment_status":"open","ping_status":"closed","template":"","meta":{"_et_pb_use_builder":"","_et_pb_old_content":"","_et_gb_content_width":"","_themeisle_gutenberg_block_has_review":false},"product_brand":[],"product_cat":[28,29],"product_tag":[24,36,37],"class_list":{"0":"post-215","1":"product","2":"type-product","3":"status-publish","4":"has-post-thumbnail","6":"product_cat-automocion","7":"product_cat-catalogo","8":"product_tag-autos","9":"product_tag-plasticos","10":"product_tag-restaurador","12":"first","13":"instock","14":"shipping-taxable","15":"purchasable","16":"product-type-simple"},"yoast_head":"<!-- This site is optimized with the Yoast SEO plugin v27.4 - https:\/\/yoast.com\/product\/yoast-seo-wordpress\/ -->\n<title>Limpiador de Salpicaderos con Silicona 1L | Ecobloom |<\/title>\n<meta name=\"description\" content=\"Protege y da brillo a los salpicaderos de tu veh\u00edculo con nuestro limpiador ecol\u00f3gico. Eficacia y cuidado en cada aplicaci\u00f3n.\" \/>\n<meta name=\"robots\" content=\"index, follow, max-snippet:-1, max-image-preview:large, max-video-preview:-1\" \/>\n<link rel=\"canonical\" href=\"https:\/\/ecobloom.es\/producto\/limpia-salpicaderos\/\" \/>\n<meta property=\"og:locale\" content=\"es_ES\" \/>\n<meta property=\"og:type\" content=\"article\" \/>\n<meta property=\"og:title\" content=\"Limpiador de Salpicaderos con Silicona 1L | Ecobloom |\" \/>\n<meta property=\"og:description\" content=\"Protege y da brillo a los salpicaderos de tu veh\u00edculo con nuestro limpiador ecol\u00f3gico. Eficacia y cuidado en cada aplicaci\u00f3n.\" \/>\n<meta property=\"og:url\" content=\"https:\/\/ecobloom.es\/producto\/limpia-salpicaderos\/\" \/>\n<meta property=\"og:site_name\" content=\"EcoBloom\" \/>\n<meta property=\"article:modified_time\" content=\"2025-05-08T11:54:37+00:00\" \/>\n<meta property=\"og:image\" content=\"https:\/\/ecobloom.es\/wp-content\/uploads\/2025\/01\/Limpia-salpicadero-1L.png\" \/>\n\t<meta property=\"og:image:width\" content=\"1600\" \/>\n\t<meta property=\"og:image:height\" content=\"1200\" \/>\n\t<meta property=\"og:image:type\" content=\"image\/png\" \/>\n<meta name=\"twitter:card\" content=\"summary_large_image\" \/>\n<meta name=\"twitter:label1\" content=\"Tiempo de lectura\" \/>\n\t<meta name=\"twitter:data1\" content=\"1 minuto\" \/>\n<script type=\"application\/ld+json\" class=\"yoast-schema-graph\">{\"@context\":\"https:\\\/\\\/schema.org\",\"@graph\":[{\"@type\":\"WebPage\",\"@id\":\"https:\\\/\\\/ecobloom.es\\\/producto\\\/limpia-salpicaderos\\\/\",\"url\":\"https:\\\/\\\/ecobloom.es\\\/producto\\\/limpia-salpicaderos\\\/\",\"name\":\"Limpiador de Salpicaderos con Silicona 1L | Ecobloom |\",\"isPartOf\":{\"@id\":\"https:\\\/\\\/ecobloom.es\\\/#website\"},\"primaryImageOfPage\":{\"@id\":\"https:\\\/\\\/ecobloom.es\\\/producto\\\/limpia-salpicaderos\\\/#primaryimage\"},\"image\":{\"@id\":\"https:\\\/\\\/ecobloom.es\\\/producto\\\/limpia-salpicaderos\\\/#primaryimage\"},\"thumbnailUrl\":\"https:\\\/\\\/ecobloom.es\\\/wp-content\\\/uploads\\\/2025\\\/01\\\/Limpia-salpicadero-1L.png\",\"datePublished\":\"2025-02-12T12:10:00+00:00\",\"dateModified\":\"2025-05-08T11:54:37+00:00\",\"description\":\"Protege y da brillo a los salpicaderos de tu veh\u00edculo con nuestro limpiador ecol\u00f3gico. Eficacia y cuidado en cada aplicaci\u00f3n.\",\"breadcrumb\":{\"@id\":\"https:\\\/\\\/ecobloom.es\\\/producto\\\/limpia-salpicaderos\\\/#breadcrumb\"},\"inLanguage\":\"es\",\"potentialAction\":[{\"@type\":\"ReadAction\",\"target\":[\"https:\\\/\\\/ecobloom.es\\\/producto\\\/limpia-salpicaderos\\\/\"]}]},{\"@type\":\"ImageObject\",\"inLanguage\":\"es\",\"@id\":\"https:\\\/\\\/ecobloom.es\\\/producto\\\/limpia-salpicaderos\\\/#primaryimage\",\"url\":\"https:\\\/\\\/ecobloom.es\\\/wp-content\\\/uploads\\\/2025\\\/01\\\/Limpia-salpicadero-1L.png\",\"contentUrl\":\"https:\\\/\\\/ecobloom.es\\\/wp-content\\\/uploads\\\/2025\\\/01\\\/Limpia-salpicadero-1L.png\",\"width\":1600,\"height\":1200},{\"@type\":\"BreadcrumbList\",\"@id\":\"https:\\\/\\\/ecobloom.es\\\/producto\\\/limpia-salpicaderos\\\/#breadcrumb\",\"itemListElement\":[{\"@type\":\"ListItem\",\"position\":1,\"name\":\"Portada\",\"item\":\"https:\\\/\\\/ecobloom.es\\\/\"},{\"@type\":\"ListItem\",\"position\":2,\"name\":\"Productos\",\"item\":\"https:\\\/\\\/ecobloom.es\\\/?post_type=product\"},{\"@type\":\"ListItem\",\"position\":3,\"name\":\"Limpia salpicaderos (con silicona) 1L\"}]},{\"@type\":\"WebSite\",\"@id\":\"https:\\\/\\\/ecobloom.es\\\/#website\",\"url\":\"https:\\\/\\\/ecobloom.es\\\/\",\"name\":\"EcoBloom\",\"description\":\"Con nuestras soluciones de limpieza, mant\u00e9n tu hogar limpio y seguro mientras cuidas el medioambiente.\",\"publisher\":{\"@id\":\"https:\\\/\\\/ecobloom.es\\\/#organization\"},\"alternateName\":\"Ecobloom\",\"potentialAction\":[{\"@type\":\"SearchAction\",\"target\":{\"@type\":\"EntryPoint\",\"urlTemplate\":\"https:\\\/\\\/ecobloom.es\\\/?s={search_term_string}\"},\"query-input\":{\"@type\":\"PropertyValueSpecification\",\"valueRequired\":true,\"valueName\":\"search_term_string\"}}],\"inLanguage\":\"es\"},{\"@type\":\"Organization\",\"@id\":\"https:\\\/\\\/ecobloom.es\\\/#organization\",\"name\":\"Ecobloom\",\"alternateName\":\"Ecobloom\",\"url\":\"https:\\\/\\\/ecobloom.es\\\/\",\"logo\":{\"@type\":\"ImageObject\",\"inLanguage\":\"es\",\"@id\":\"https:\\\/\\\/ecobloom.es\\\/#\\\/schema\\\/logo\\\/image\\\/\",\"url\":\"https:\\\/\\\/ecobloom.es\\\/wp-content\\\/uploads\\\/2024\\\/08\\\/cropped-LOGO-ECOBLOOM-favicom.jpg\",\"contentUrl\":\"https:\\\/\\\/ecobloom.es\\\/wp-content\\\/uploads\\\/2024\\\/08\\\/cropped-LOGO-ECOBLOOM-favicom.jpg\",\"width\":512,\"height\":512,\"caption\":\"Ecobloom\"},\"image\":{\"@id\":\"https:\\\/\\\/ecobloom.es\\\/#\\\/schema\\\/logo\\\/image\\\/\"}}]}<\/script>\n<!-- \/ Yoast SEO plugin. -->","yoast_head_json":{"title":"Limpiador de Salpicaderos con Silicona 1L | Ecobloom |","description":"Protege y da brillo a los salpicaderos de tu veh\u00edculo con nuestro limpiador ecol\u00f3gico. Eficacia y cuidado en cada aplicaci\u00f3n.","robots":{"index":"index","follow":"follow","max-snippet":"max-snippet:-1","max-image-preview":"max-image-preview:large","max-video-preview":"max-video-preview:-1"},"canonical":"https:\/\/ecobloom.es\/producto\/limpia-salpicaderos\/","og_locale":"es_ES","og_type":"article","og_title":"Limpiador de Salpicaderos con Silicona 1L | Ecobloom |","og_description":"Protege y da brillo a los salpicaderos de tu veh\u00edculo con nuestro limpiador ecol\u00f3gico. Eficacia y cuidado en cada aplicaci\u00f3n.","og_url":"https:\/\/ecobloom.es\/producto\/limpia-salpicaderos\/","og_site_name":"EcoBloom","article_modified_time":"2025-05-08T11:54:37+00:00","og_image":[{"width":1600,"height":1200,"url":"https:\/\/ecobloom.es\/wp-content\/uploads\/2025\/01\/Limpia-salpicadero-1L.png","type":"image\/png"}],"twitter_card":"summary_large_image","twitter_misc":{"Tiempo de lectura":"1 minuto"},"schema":{"@context":"https:\/\/schema.org","@graph":[{"@type":"WebPage","@id":"https:\/\/ecobloom.es\/producto\/limpia-salpicaderos\/","url":"https:\/\/ecobloom.es\/producto\/limpia-salpicaderos\/","name":"Limpiador de Salpicaderos con Silicona 1L | Ecobloom |","isPartOf":{"@id":"https:\/\/ecobloom.es\/#website"},"primaryImageOfPage":{"@id":"https:\/\/ecobloom.es\/producto\/limpia-salpicaderos\/#primaryimage"},"image":{"@id":"https:\/\/ecobloom.es\/producto\/limpia-salpicaderos\/#primaryimage"},"thumbnailUrl":"https:\/\/ecobloom.es\/wp-content\/uploads\/2025\/01\/Limpia-salpicadero-1L.png","datePublished":"2025-02-12T12:10:00+00:00","dateModified":"2025-05-08T11:54:37+00:00","description":"Protege y da brillo a los salpicaderos de tu veh\u00edculo con nuestro limpiador ecol\u00f3gico. Eficacia y cuidado en cada aplicaci\u00f3n.","breadcrumb":{"@id":"https:\/\/ecobloom.es\/producto\/limpia-salpicaderos\/#breadcrumb"},"inLanguage":"es","potentialAction":[{"@type":"ReadAction","target":["https:\/\/ecobloom.es\/producto\/limpia-salpicaderos\/"]}]},{"@type":"ImageObject","inLanguage":"es","@id":"https:\/\/ecobloom.es\/producto\/limpia-salpicaderos\/#primaryimage","url":"https:\/\/ecobloom.es\/wp-content\/uploads\/2025\/01\/Limpia-salpicadero-1L.png","contentUrl":"https:\/\/ecobloom.es\/wp-content\/uploads\/2025\/01\/Limpia-salpicadero-1L.png","width":1600,"height":1200},{"@type":"BreadcrumbList","@id":"https:\/\/ecobloom.es\/producto\/limpia-salpicaderos\/#breadcrumb","itemListElement":[{"@type":"ListItem","position":1,"name":"Portada","item":"https:\/\/ecobloom.es\/"},{"@type":"ListItem","position":2,"name":"Productos","item":"https:\/\/ecobloom.es\/?post_type=product"},{"@type":"ListItem","position":3,"name":"Limpia salpicaderos (con silicona) 1L"}]},{"@type":"WebSite","@id":"https:\/\/ecobloom.es\/#website","url":"https:\/\/ecobloom.es\/","name":"EcoBloom","description":"Con nuestras soluciones de limpieza, mant\u00e9n tu hogar limpio y seguro mientras cuidas el medioambiente.","publisher":{"@id":"https:\/\/ecobloom.es\/#organization"},"alternateName":"Ecobloom","potentialAction":[{"@type":"SearchAction","target":{"@type":"EntryPoint","urlTemplate":"https:\/\/ecobloom.es\/?s={search_term_string}"},"query-input":{"@type":"PropertyValueSpecification","valueRequired":true,"valueName":"search_term_string"}}],"inLanguage":"es"},{"@type":"Organization","@id":"https:\/\/ecobloom.es\/#organization","name":"Ecobloom","alternateName":"Ecobloom","url":"https:\/\/ecobloom.es\/","logo":{"@type":"ImageObject","inLanguage":"es","@id":"https:\/\/ecobloom.es\/#\/schema\/logo\/image\/","url":"https:\/\/ecobloom.es\/wp-content\/uploads\/2024\/08\/cropped-LOGO-ECOBLOOM-favicom.jpg","contentUrl":"https:\/\/ecobloom.es\/wp-content\/uploads\/2024\/08\/cropped-LOGO-ECOBLOOM-favicom.jpg","width":512,"height":512,"caption":"Ecobloom"},"image":{"@id":"https:\/\/ecobloom.es\/#\/schema\/logo\/image\/"}}]}},"_links":{"self":[{"href":"https:\/\/ecobloom.es\/index.php?rest_route=\/wp\/v2\/product\/215","targetHints":{"allow":["GET"]}}],"collection":[{"href":"https:\/\/ecobloom.es\/index.php?rest_route=\/wp\/v2\/product"}],"about":[{"href":"https:\/\/ecobloom.es\/index.php?rest_route=\/wp\/v2\/types\/product"}],"replies":[{"embeddable":true,"href":"https:\/\/ecobloom.es\/index.php?rest_route=%2Fwp%2Fv2%2Fcomments&post=215"}],"wp:featuredmedia":[{"embeddable":true,"href":"https:\/\/ecobloom.es\/index.php?rest_route=\/wp\/v2\/media\/158"}],"wp:attachment":[{"href":"https:\/\/ecobloom.es\/index.php?rest_route=%2Fwp%2Fv2%2Fmedia&parent=215"}],"wp:term":[{"taxonomy":"product_brand","embeddable":true,"href":"https:\/\/ecobloom.es\/index.php?rest_route=%2Fwp%2Fv2%2Fproduct_brand&post=215"},{"taxonomy":"product_cat","embeddable":true,"href":"https:\/\/ecobloom.es\/index.php?rest_route=%2Fwp%2Fv2%2Fproduct_cat&post=215"},{"taxonomy":"product_tag","embeddable":true,"href":"https:\/\/ecobloom.es\/index.php?rest_route=%2Fwp%2Fv2%2Fproduct_tag&post=215"}],"curies":[{"name":"wp","href":"https:\/\/api.w.org\/{rel}","templated":true}]}}